 19*a + 3. What is z(19)?
3
Let i(y) = -y**3 + 17*y**2 - 5*y + 70. Give i(17).
-15
Let j(f) = -5*f**2 - 3*f. Calculate j(-2).
-14
Let q(f) = -f**3 + 12*f**2 + 14*f - 10. Give q(13).
3
Let d(n) = -n**3 + 14*n**2 - 10*n + 8. Determine d(13).
47
Let w(z) = z**2 - 11*z - 18. What is w(13)?
8
Let h(u) = 3*u - 5. Determine h(6).
13
Let s(i) = i**3 + 7*i**2 + 6*i - 4. What is s(-5)?
16
Let o(h) = -10*h - 63. Give o(-7).
7
Let u(h) = 7*h + 81. What is u(-11)?
4
Let j(s) = -s**2 + 9*s + 3. What is j(10)?
-7
Let f(a) = 16*a**3 + 2*a**2 - 1. Calculate f(1).
17
Let s(k) = -k**2 - 11*k - 27. Determine s(-3).
-3
Let x(v) = 48*v + 29. Determine x(-1).
-19
Let i(w) = -w**3 - 10*w**2 - 3*w + 7. What is i(-9)?
-47
Let m(v) = -v**3 - 13*v**2 - 10*v + 4. Give m(-12).
-20
Let s(d) = 2*d**3 + 26*d**2 - 9. What is s(-13)?
-9
Let z(l) = -l**3 + 3*l**2 + 3*l. Calculate z(3).
9
Let i(n) = -3*n**2 - 6*n + 9. Calculate i(-4).
-15
Let s(t) = t. Give s(-3).
-3
Let b(u) = 2*u**2 + 10*u + 6. Give b(-3).
-6
Let t(x) = x**2 - 8*x + 2. What is t(6)?
-10
Let q(n) = n**2 + 14*n + 76. What is q(-7)?
27
Let j(s) = -2*s**2 - 13*s + 18. Calculate j(-8).
-6
Let b(a) = a**3 + 11*a**2 + 10. Give b(-11).
10
Let d(b) = -b**3 - 9*b**2 - 2*b - 6. Calculate d(-9).
12
Let c(l) = -l**2 + 10*l - 13. Calculate c(9).
-4
Let s(c) = -3*c. What is s(2)?
-6
Let p(h) = -9*h**2 - 11*h + 17. Give p(2).
-41
Let z(g) = g + 2. Give z(-12).
-10
Let s(z) = -z**2 + 6*z + 5. What is s(7)?
-2
Let t(q) = -q**3 - 4*q**2 - 2*q - 3. Give t(-3).
-6
Let k(x) = -x**3 - 24*x**2 + x + 34. What is k(-24)?
10
Let b(i) = 21*i - 80. What is b(4)?
4
Let m(k) = 86*k - 235. Give m(3).
23
Let a(q) = q**2 + 2*q + 27. Calculate a(0).
27
Let k(b) = -b**2 - 2*b + 5. Give k(0).
5
Let r(u) = -2*u**2 + 19*u - 13. Give r(9).
-4
Let q(o) = o**2 + 26*o + 91. Give q(-22).
3
Let o(r) = -170*r - 846. Give o(-5).
4
Let g(f) = f**2 - 6*f + 9. Give g(5).
4
Let d(x) = 33*x**2 + 626*x - 14. Determine d(-19).
5
Let f(j) = 5*j - 154. What is f(29)?
-9
Let s(h) = -h + 18. Calculate s(-5).
23
Let q(d) = -14*d**2 + d + 43. Calculate q(0).
43
Let l(v) = 21*v - 55. Give l(3).
8
Let v(t) = t**2 + 20*t + 8. Determine v(-20).
8
Let c(r) = 3*r + 84. Give c(-30).
-6
Let p(v) = 3*v**2 - 9*v + 34. Determine p(4).
46
Let f(i) = -23*i - 2. Give f(2).
-48
Let w(b) = -b + 7. Calculate w(4).
3
Let y(h) = 4*h + 21. Give y(2).
29
Let q(h) = h**3 + 11*h**2 + 7*h - 22. Calculate q(-10).
8
Let v(x) = x**2 - 3*x + 2. What is v(-2)?
12
Let v(d) = -d**3 + 15*d**2 - 18*d + 13. Determine v(14).
-43
Let s(y) = y**2 + 2*y - 2. Calculate s(-2).
-2
Let q(m) = -9*m**2 - 16*m + 2. Determine q(1).
-23
Let w(a) = 33*a - 68. What is w(2)?
-2
Let h(l) = l**2 - 8*l - 7. Give h(8).
-7
Let l(b) = -b**3 + b**2 + 5*b + 4. Give l(3).
1
Let t(f) = 2*f**2 + 2*f - 2. What is t(-6)?
58
Let u(m) = -m**3 - 8*m**2 - 8*m + 5. What is u(-6)?
-19
Let q(v) = v**2 + 19*v + 33. Give q(-17).
-1
Let v(w) = w. Calculate v(7).
7
Let s(g) = 6*g + 27. Calculate s(-17).
-75
Let d(w) = 2*w - 12. Give d(12).
12
Let d(g) = 15*g + 214. Give d(-14).
4
Let c(s) = -s**2 + 12*s. Determine c(10).
20
Let n(z) = -6*z - 8. What is n(-4)?
16
Let v(s) = 92*s - 822. Calculate v(9).
6
Let q(s) = -2*s**3 - 9*s**2 - 11*s - 6. Give q(-5).
74
Let b(s) = -s**2 + 3*s + 36. Calculate b(8).
-4
Let x(r) = r**3 + r**2 - 4*r - 11. Determine x(0).
-11
Let b(w) = -24*w + 105. Calculate b(5).
-15
Let j(n) = -n**3 + 8*n**2 - 3*n - 43. What is j(7)?
-15
Let t(k) = 18*k - 189. What is t(11)?
9
Let t(v) = -v**3 + 5*v**2 + 10*v - 10. Give t(7).
-38
Let z(y) = y**2 + 4*y - 25. What is z(-7)?
-4
Let k(a) = -a + 3. Determine k(-4).
7
Let z(a) = a**3 + 9*a**2 + 11*a + 15. Give z(-8).
-9
Let z(b) = b + 1. Give z(-2).
-1
Let q(c) = c - 6. Calculate q(4).
-2
Let g(m) = m - 32. Give g(0).
-32
Let t(a) = 2*a**2 + 45*a + 28. What is t(-22)?
6
Let l(p) = 7*p**3 - 1. Calculate l(1).
6
Let s(n) = -3*n**2 - 11*n + 4. Give s(-4).
0
Let t(y) = y**3 + 8*y**2 + 4*y + 6. Give t(-7).
27
Let c(u) = -u**3 - 12*u**2 - 23*u - 40. What is c(-10)?
-10
Let j(f) = 21*f - 2. Determine j(2).
40
Let l(h) = 4*h**2 - 7*h + 10. Calculate l(-7).
255
Let h(x) = x + 26. Calculate h(-15).
11
Let b(w) = -w - 2. Give b(-5).
3
Let b(g) = -3*g - 16. What is b(5)?
-31
Let j(a) = -a + 5. Give j(14).
-9
Let m(q) = -q**3 - 7*q**2 - 5*q - 10. Give m(-7).
25
Let f(i) = i**3 - 6*i**2 - 3*i + 2. Calculate f(5).
-38
Let d(l) = 23*l + 180. Give d(-8).
-4
Let v(s) = -4*s - 21. Give v(-6).
3
Let d(p) = -2*p**3 + p**2 - p + 7. Determine d(2).
-7
Let b(a) = -2*a - 17. What is b(-13)?
9
Let w(p) = -p**3 - 11*p**2 - 26*p - 70. What is w(-9)?
2
Let j(h) = 11*h + 85. Give j(-10).
-25
Let t(w) = -2*w**2 + 5*w + 9. Give t(5).
-16
Let y(u) = 182*u + 368. Determine y(-2).
4
Let z(t) = -t**3 + 2*t**2 - 11*t + 15. Calculate z(3).
-27
Let k(n) = -n**2 + 5*n - 3. Calculate k(7).
-17
Let q(m) = 5*m - 13. Calculate q(5).
12
Let j(d) = -d**3 - 4*d**2 + 3*d - 4. What is j(-5)?
6
Let k(q) = 32*q + 102. What is k(-3)?
6
Let n(a) = -97*a + 5. Determine n(-1).
102
Let s(f) = 8*f + 10. Determine s(0).
10
Let w(p) = p**2 - 3*p + 3. Give w(4).
7
Let b(h) = -h**3 + 15*h**2 + 17*h - 21. Calculate b(16).
-5
Let c(q) = -q**2 - 15*q - 35. Calculate c(-11).
9
Let k(o) = o**3 + 5*o**2 - 3*o + 9. Give k(-6).
-9
Let z(o) = 33*o + 1. What is z(-1)?
-32
Let x(o) = o - 7. Determine x(17).
10
Let j(a) = -a**2 - 10*a + 5. What is j(-10)?
5
Let k(v) = -v - 13. Determine k(-17).
4
Let l(v) = 4*v - 28. Give l(9).
8
Let d(m) = 9*m - 122. Calculate d(13).
-5
Let k(d) = 7*d**2 - 55*d + 53. What is k(1)?
5
Let t(q) = q**3 - 11*q**2 - q - 15. Calculate t(11).
-26
Let k(i) = -194*i**3. Calculate k(-1).
194
Let a(n) = -n**3 + 3*n**2 - 2. Give a(-1).
2
Let x(z) = -z**2 + 68*z + 7. Calculate x(68).
7
Let o(w) = -w**2 + 11*w + 2. Give o(0).
2
Let k(u) = -u**3 - 9*u**2 + 12*u + 30. Calculate k(-10).
10
Let b(q) = -q**3 - 20*q**2 + 20*q - 23. Determine b(-21).
-2
Let o(b) = b + 27. Give o(-23).
4
Let w(d) = -d**3 + 4*d**2 - 6*d + 3. Calculate w(2).
-1
Let g(c) = -12*c - 1. Determine g(2).
-25
Let g(d) = 11*d**3 + d**2 - 2*d - 2. Calculate g(-1).
-10
Let f(o) = o**2 + 11*o - 14. Give f(-16).
66
Let m(y) = -y**3 + y**2 + 3*y + 9. Give m(3).
0
Let x(q) = -q**2 + 17*q - 42. Calculate x(15).
-12
Let f(t) = -t**2 - 24*t - 64. Calculate f(-18).
44
Let g(u) = -4*u**2 + 84*u + 10. Determine g(21).
10
Let k(a) = 4*a + 46. Calculate k(-10).
6
Let t(c) = 14*c - 316. Calculate t(22).
-8
Let b(c) = 3*c**3 + 2*c. Calculate b(2).
28
Let x(z) = 3*z + 4. Determine x(9).
31
Let v(r) = r**3 + 12*r**2 + 21*r - 5. Calculate v(-10).
-15
Let v(d) = -d**2 - 5*d + 15. What is v(-5)?
15
Let d(h) = h**2 + 6*h - 11. Determine d(3).
16
Let x(u) = 6*u + 1. Calculate x(-1).
-5
Let h(v) = v**3 + 5*v**2 + 4*v. Determine h(-4).
0
Let a(n) = -6*n - 45. Calculate a(-5).
-15
Let f(z) = z**3 - 11*z**2 + 13*z - 1. What is f(10)?
29
Let j(f) = f**3 - 10*f**2 + 21*f + 13. What is j(6)?
-5
Let s(a) = a**3 - 12*a**2 + 11*a + 2. Give s(11).
2
Let f(s) = -s - 1. Calculate f(9).
-10
Let s(l) = l - 30. Determine s(-15).
-45
Let a(p) = 2*p + 13. What is a(-9)?
-5
Let u(l) = -2*l**2 + 2*l + 4. Give u(3).
-8
Let y(q) = -q + 12. Give y(4).
8
Let h(i) = 23*i - 273. Determine h(12).
3
Let n(c) = 20*c - 5. Calculate n(1).
15
Let l(q) = 97*q**3 - 2*q**2 + 1. What is l(-1)?
-98
Let u(v) = 2*v**3 - 8*v**2 + 2*v - 11. What is u(4)?
-3
Let y(w) = w**2 + 22*w + 13. Calculate y(-21).
-8
Let r(q) = 5*q - 144. Determine r(29).
1
Let m(v) = v**2 + 8*v - 1. Determine m(-11).
32
Let v(x) = x**2 + 3*x - 4. Determine v(-5).
6
Let g(z) = -z**2 + 12*z. Calculate g(10).
20
Let g(f) = -12*f**3 - 2*f**2 + f. Give g(1).
-13
Let d(n) = -3*n**2 - 29*n - 2. What is d(-9)?
16
Let k(u) = -u**3 + 3*u**2 + 4*u - 9. What is k(4)?
-9
Let i(g) = g**3 - 3*g**2 + 3*g - 2. Give i(1).
-1
Let o(r) = 3*r**3 + 11*r**2 - 4*r - 2. What is o(-4)?
-2
Let w(c) = -8*c + 2. Determine w(-3).
26
Let l(y) = -y**3 - 11*y**2 - 1. Give l(-11).
-1
Let f(b) = -6*b**2 - 8*b + 3. Determine f(3).
-75
Let f(x) = x**3 - 3*x**2 - 5*x - 8. Determine f(4).
-12
Let k(q) = q**3 - 18*q**2 + 15*q + 29. What is k(17)?
-5
Let b(c) = -18*c + 2. Calculate b(-1).
20
Let x(h) = -4*h - 11. Give x(4).
-27
Let y(t) = -28*t - 1. What is y(-2)?
55
Let z(r) = r**3 - 9*r**2